multiple of 31?
False
Is 12328 a multiple of 80?
False
Is 8295 a multiple of 207?
False
Is 5 a factor of 1349?
False
Is 6809 a multiple of 2?
False
Is 4941 a multiple of 27?
True
Is 48 a factor of 400?
False
Is 2 a factor of 2605?
False
Is 30 a factor of 21900?
True
Does 55 divide 2081?
False
Is 24 a factor of 1128?
True
Is 14 a factor of 988?
False
Is 6104 a multiple of 8?
True
Is 80 a factor of 27731?
False
Does 12 divide 14084?
False
Is 7 a factor of 476?
True
Is 14 a factor of 2785?
False
Is 14 a factor of 308?
True
Is 121 a multiple of 11?
True
Does 50 divide 8080?
False
Does 79 divide 2642?
False
Is 903 a multiple of 6?
False
Is 60 a multiple of 12?
True
Does 14 divide 9426?
False
Is 451 a multiple of 41?
True
Is 7260 a multiple of 132?
True
Is 54 a factor of 6448?
False
Does 13 divide 49139?
False
Is 18473 a multiple of 7?
True
Is 6 a factor of 5335?
False
Is 30348 a multiple of 54?
True
Is 53500 a multiple of 20?
True
Is 2983 a multiple of 19?
True
Is 86 a factor of 3710?
False
Does 10 divide 1158?
False
Does 38 divide 190?
True
Is 21 a factor of 178?
False
Does 7 divide 52?
False
Is 388 a factor of 10476?
True
Is 41 a factor of 5043?
True
Does 12 divide 39480?
True
Is 13 a factor of 185?
False
Does 15 divide 76?
False
Is 19 a factor of 3287?
True
Is 171 a factor of 7490?
False
Does 18 divide 6714?
True
Does 5 divide 7770?
True
Is 2200 a multiple of 30?
False
Is 3395 a multiple of 20?
False
Is 2133 a multiple of 14?
False
Does 11 divide 8118?
True
Is 21 a factor of 67?
False
Is 165 a multiple of 33?
True
Is 24 a factor of 1484?
False
Is 34 a factor of 1836?
True
Is 118 a factor of 8558?
False
Does 36 divide 2950?
False
Does 7 divide 5709?
False
Is 53352 a multiple of 216?
True
Is 2938 a multiple of 26?
True
Is 32 a factor of 1504?
True
Does 10 divide 250?
True
Does 6 divide 412?
False
Is 9720 a multiple of 12?
True
Is 26 a factor of 16848?
True
Is 16 a factor of 22896?
True
Is 2140 a multiple of 107?
True
Is 1710 a multiple of 95?
True
Is 30 a factor of 8708?
False
Is 8 a factor of 2682?
False
Does 73 divide 5110?
True
Is 2196 a multiple of 18?
True
Is 684 a multiple of 57?
True
Is 1581 a multiple of 69?
False
Does 20 divide 8880?
True
Is 3783 a multiple of 16?
False
Is 4 a factor of 429?
False
Does 6 divide 4524?
True
Does 17 divide 2363?
True
Is 57 a factor of 3249?
True
Is 78 a factor of 36718?
False
Is 21498 a multiple of 42?
False
Is 4815 a multiple of 9?
True
Is 4 a factor of 469?
False
Is 206 a factor of 17304?
True
Is 1156 a multiple of 10?
False
Does 7 divide 11160?
False
Is 4502 a multiple of 185?
False
Does 72 divide 1909?
False
Is 94093 a multiple of 96?
False
Is 3904 a multiple of 7?
False
Does 110 divide 21702?
False
Is 3809 a multiple of 13?
True
Is 10098 a multiple of 9?
True
Is 43 a factor of 215?
True
Is 133524 a multiple of 45?
False
Is 180 a factor of 12060?
True
Does 15 divide 31823?
False
Is 153 a factor of 287?
False
Is 19845 a multiple of 15?
True
Does 7 divide 203?
True
Does 2 divide 1741?
False
Is 79 a factor of 6542?
False
Does 23 divide 306?
False
Is 49 a factor of 6729?
False
Is 1888 a multiple of 16?
True
Is 198 a factor of 3564?
True
Is 7195 a multiple of 7?
False
Does 15 divide 1815?
True
Is 502 a multiple of 9?
False
Does 89 divide 72001?
True
Is 17 a factor of 1082?
False
Does 21 divide 301?
False
Does 36 divide 4224?
False
Is 11 a factor of 2758?
False
Does 16 divide 112?
True
Is 44 a factor of 63712?
True
Does 2 divide 5332?
True
Is 16 a factor of 1174?
False
Is 10 a factor of 3460?
True
Does 19 divide 565?
False
Does 8 divide 44?
False
Is 2717 a multiple of 12?
False
Does 6 divide 95?
False
Does 60 divide 47895?
False
Is 2688 a multiple of 48?
True
Is 2016 a multiple of 63?
True
Does 20 divide 2402?
False
Does 33 divide 363?
True
Is 4081 a multiple of 29?
False
Does 230 divide 36059?
False
Is 10 a factor of 20?
True
Does 27 divide 1248?
False
Does 22 divide 60923?
False
Is 12893 a multiple of 36?
False
Is 508 a multiple of 7?
False
Is 5073 a multiple of 10?
False
Does 244 divide 28304?
True
Is 44 a factor of 17468?
True
Is 15 a factor of 36827?
False
Does 9 divide 2025?
True
Is 8 a factor of 1899?
False
Is 612 a multiple of 12?
True
Is 5880 a multiple of 14?
True
Does 64 divide 10066?
False
Is 17 a factor of 4709?
True
Is 13 a factor of 884?
True
Is 15 a factor of 6691?
False
Does 126 divide 9450?
True
Does 63 divide 6333?
False
Is 40 a factor of 68240?
True
Is 112 a multiple of 7?
True
Does 5 divide 3905?
True
Does 39 divide 1435?
False
Is 1231 a multiple of 13?
False
Does 168 divide 179?
False
Is 6 a factor of 53684?
False
Is 35 a factor of 122885?
True
Is 5 a factor of 385?
True
Does 143 divide 10439?
True
Is 335 a multiple of 8?
False
Is 36724 a multiple of 17?
False
Is 2546 a multiple of 38?
True
Is 121732 a multiple of 13?
True
Is 9 a factor of 133038?
True
Is 28 a factor of 18511?
False
Is 29 a factor of 435?
True
Is 3397 a multiple of 19?
False
Does 18 divide 388?
False
Does 21 divide 13156?
False
Is 46 a factor of 4508?
True
Is 8 a factor of 4077?
False
Does 31 divide 8510?
False
Is 15412 a multiple of 35?
False
Does 73 divide 16790?
True
Does 31 divide 55924?
True
Is 3796 a multiple of 137?
False
Is 10564 a multiple of 19?
True
Is 43056 a multiple of 84?
False
Does 7 divide 2060?
False
Is 13470 a multiple of 10?
True
Is 49 a factor of 882?
True
Does 12 divide 4516?
False
Is 15200 a multiple of 20?
True
Is 159 a factor of 20670?
True
Is 31 a factor of 74837?
False
Is 2244 a multiple of 2?
True
Does 47 divide 423?
True
Is 252 a multiple of 14?
True
Is 16 a multiple of 9?
False
Does 14 divide 2746?
False
Is 31 a factor of 40133?
False
Is 62 a factor of 215?
False
Is 11 a factor of 176?
True
Is 100661 a multiple of 19?
False
Does 44 divide 9116?
False
Is 131 a factor of 2572?
False
Is 1235 a multiple of 65?
True
Is 6 a factor of 65?
False
Is 726 a multiple of 104?
False
Is 45016 a multiple of 92?
False
Does 44 divide 880?
True
Is 70 a multiple of 33?
False
Is 10 a factor of 530?
True
Is 3339 a multiple of 21?
True
Does 25 divide 438?
False
Does 11 divide 1947?
True
Is 5 a factor of 590?
True
Is 28 a factor of 700?
True
Does 6 divide 3834?
True
Is 118 a multiple of 3?
False
Does 2 divide 8?
True
Is 5933 a multiple of 9?
False
Does 9 divide 14199?
False
Does 17 divide 1785?
True
Is 5 a factor of 1325?
True
Does 16 divide 1151?
False
Is 2 a factor of 992?
True
Is 9 a factor of 249?
False
Is 9461 a multiple of 23?
False
Is 10504 a multiple of 52?
True
Is 15 a factor of 1680?
True
Is 65 a multiple of 8?
False
Does 80 divide 6480?
True
Does 57 divide 1026?
True
Does 14 divide 2823?
False
Is 180 a factor of 17104?
False
Is 18 a factor of 2515?
False
Is 480 a multiple of 30?
True
Is 56 a factor of 56?
True
Is 4 a factor of 989?
False
Is 499 a multiple of 13?
False
Is 79 a factor of 7706?
False
Does 20 divide 640?
True
Is 46 a factor of 1794?
True
Is 21484 a multiple of 4?
True
Is 47 a factor of 3619?
True
Is 315 a multiple of 45?
True
Does 13 divide 26?
True
Is 11 a factor of 15585?
False
Does 6 divide 590?
False
Is 32 a multiple of 4?
True
Is 1219 a multiple of 53?
True
Is 9 a multiple of 5?
False
Is 13 a factor of 282?
False
Does 14 divide 344?
False
Is 6 a factor of 2216?
False
Is 24 a factor of 3480?
True
Is 3199 a multiple of 60?
False
Is 5717 a multiple of 61?
False
Is 7 a factor of 1015?
True
Is 2953 a multiple of 13?
False
Is 4 a factor of 4464?
True
Is 39 a factor of 723?
False
Is 140 a multiple of 14?
True
Is 152 a multiple of 19?
True
Is 14 a factor of 2380?
True
Does 10 divide 10910?
True
Is 22940 a multiple of 106?
False
Does 120 divide 18964?
False
Is 9805 a multiple of 62?
False
Is 9461 a multiple of 17?
False
Is 361 a multiple of 19?
True
Does 37 divide 1339?
False
Is 2119 a multiple of 11?
False
Is 10700 a multiple of 25?
True
Is 322 a multiple of 24?
False
Is 11270 a multiple of 19?
False
Does 26 divide 441?
False
Is 75 a factor of 52950?
True
Does 55 divide 1684?
False
Is 10150 a multiple of 10?
True
Does 52 divide 35945?
False
Does 31 divide 2410?
False
Does 11 divide 83468?
True
Does 61 divide 7503?
True
Is 79 a factor of 1993?
False
Is 73359 a multiple of 99?
True
Is 19 a factor of 2147?
True
Does 72 divide 18991?
False
Is 66970 a multiple of 60?
False
Is 17 a factor of 3509